{"id":2050,"date":"2025-12-11T12:49:22","date_gmt":"2025-12-11T11:49:22","guid":{"rendered":"https:\/\/lmf.no\/skagerrak-forlag\/?post_type=product&#038;p=2050"},"modified":"2025-12-11T12:49:22","modified_gmt":"2025-12-11T11:49:22","slug":"peleponnes-gudenes-lekeplass","status":"publish","type":"product","link":"https:\/\/lmf.no\/skagerrak-forlag\/butikk\/maritim-litteratur\/peleponnes-gudenes-lekeplass\/","title":{"rendered":"Peleponnes &#8211; gudenes lekeplass"},"content":{"rendered":"<p>Forfatter: Per Hotvedt<br \/>\nISBN: 9788299901987<\/p>\n<p>Hellas har fascinert reisende gjennom alle tider, og en av de f\u00f8rste som beskrev landet var Pausanias (110-180 e.v.t).  Han er kjent for sitt bok Beskrivelse av Hellas (Hellados Periegesis), et omfattende verk som er en av de viktigste samtidige kilder om antikkens monumenter i Hellas, og derfor av stor betydning for moderne arkeologi. I denne boken f\u00f8lger vi i Pausanias fotspor rundt p\u00e5 Peloponnes og med p\u00e5 f\u00f8lget har vi fortidens helter og heltinner som Herakles, Akilles, Odyssevs, Agamemnon og den skj\u00f8nne Helena. <\/p>\n<p>Forfatteren tar oss med til myteomspunne steder som Korint, bronsealderens Myk\u00e9ne, det store teateret i Ep\u00eddavros, bysantinske Monemvas\u00eda, den mystiske ruinbyen Mystra, antikkens Olymp\u00eda, og de idylliske fjellandsbyene i Arkad\u00eda. Natur m\u00f8ter kultur p\u00e5 vandreruter i opp til 2000 meters h\u00f8yde og ned i den dramatiske Lousius-ravinen og Diros-grottene. Og langs hele den lange kysten kan du finne idylliske bukter med gylne sandstrender og krystallklart vann.<\/p>\n<p>Samtidig f\u00e5r vi et innblikk i Peloponnes\u2019 spennende historie der ulike herskere avl\u00f8ste hverandre, fra bronsealderens mykenske rike, antikkens bystater som Sp\u00e1rta og Korint, middelalderens frankiske riddere og sj\u00f8makten Venezia, f\u00f8r Hellas fra det 15. \u00e5rhundre ble en del av det osmanske rike. Derfra oppn\u00e5dde de en hardt tilkjempet frihet p\u00e5 begynnelsen av  1800-tallet, og frihetens fane ble heist nettopp p\u00e5 Peloponnes.<\/p>","protected":false},"excerpt":{"rendered":"<p>Forfatter: Per Hotvedt ISBN: 9788299901987 Hellas har fascinert reisende gjennom alle tider, og en av de f\u00f8rste som beskrev landet var Pausanias (110-180 e.v.t). Han er<span class=\"excerpt-hellip\"> [\u2026]<\/span><\/p>\n","protected":false},"featured_media":2052,"template":"","meta":{"rs_blank_template":"","rs_page_bg_color":"","slide_template_v7":""},"product_brand":[],"product_cat":[20],"product_tag":[],"class_list":{"0":"post-2050","1":"product","2":"type-product","3":"status-publish","4":"has-post-thumbnail","6":"product_cat-maritim-litteratur","8":"first","9":"instock","10":"taxable","11":"shipping-taxable","12":"purchasable","13":"product-type-simple"},"yoast_head":"<!-- This site is optimized with the Yoast SEO plugin v27.6 - https:\/\/yoast.com\/product\/yoast-seo-wordpress\/ -->\n<title>Peleponnes - gudenes lekeplass | L\u00e6remiddelforlaget - Skagerrak Forlag AS<\/title>\n<meta name=\"robots\" content=\"index, follow, max-snippet:-1, max-image-preview:large, max-video-preview:-1\" \/>\n<link rel=\"canonical\" href=\"https:\/\/lmf.no\/skagerrak-forlag\/butikk\/maritim-litteratur\/peleponnes-gudenes-lekeplass\/\" \/>\n<meta property=\"og:locale\" content=\"nb_NO\" \/>\n<meta property=\"og:type\" content=\"article\" \/>\n<meta property=\"og:title\" content=\"[:no]Peleponnes - gudenes lekeplass[:] | L\u00e6remiddelforlaget - Skagerrak Forlag AS\" \/>\n<meta property=\"og:description\" content=\"Forfatter: Per Hotvedt ISBN: 9788299901987 Hellas har fascinert reisende gjennom alle tider, og en av de f\u00f8rste som beskrev landet var Pausanias (110-180 e.v.t). Han er [\u2026]\" \/>\n<meta property=\"og:url\" content=\"https:\/\/lmf.no\/skagerrak-forlag\/butikk\/maritim-litteratur\/peleponnes-gudenes-lekeplass\/\" \/>\n<meta property=\"og:site_name\" content=\"L\u00e6remiddelforlaget - Skagerrak Forlag AS\" \/>\n<meta property=\"og:image\" content=\"https:\/\/lmf.no\/skagerrak-forlag\/wp-content\/uploads\/2025\/12\/Peloponnes_omslag_hjemmeside-1.jpg\" \/>\n\t<meta property=\"og:image:width\" content=\"533\" \/>\n\t<meta property=\"og:image:height\" content=\"740\" \/>\n\t<meta property=\"og:image:type\" content=\"image\/jpeg\" \/>\n<meta name=\"twitter:card\" content=\"summary_large_image\" \/>\n<meta name=\"twitter:label1\" content=\"Ansl. lesetid\" \/>\n\t<meta name=\"twitter:data1\" content=\"2 minutter\" \/>\n<script type=\"application\/ld+json\" class=\"yoast-schema-graph\">{\"@context\":\"https:\\\/\\\/schema.org\",\"@graph\":[{\"@type\":\"WebPage\",\"@id\":\"https:\\\/\\\/lmf.no\\\/skagerrak-forlag\\\/butikk\\\/maritim-litteratur\\\/peleponnes-gudenes-lekeplass\\\/\",\"url\":\"https:\\\/\\\/lmf.no\\\/skagerrak-forlag\\\/butikk\\\/maritim-litteratur\\\/peleponnes-gudenes-lekeplass\\\/\",\"name\":\"[:no]Peleponnes - gudenes lekeplass[:] | L\u00e6remiddelforlaget - Skagerrak Forlag AS\",\"isPartOf\":{\"@id\":\"https:\\\/\\\/lmf.no\\\/skagerrak-forlag\\\/#website\"},\"primaryImageOfPage\":{\"@id\":\"https:\\\/\\\/lmf.no\\\/skagerrak-forlag\\\/butikk\\\/maritim-litteratur\\\/peleponnes-gudenes-lekeplass\\\/#primaryimage\"},\"image\":{\"@id\":\"https:\\\/\\\/lmf.no\\\/skagerrak-forlag\\\/butikk\\\/maritim-litteratur\\\/peleponnes-gudenes-lekeplass\\\/#primaryimage\"},\"thumbnailUrl\":\"https:\\\/\\\/lmf.no\\\/skagerrak-forlag\\\/wp-content\\\/uploads\\\/2025\\\/12\\\/Peloponnes_omslag_hjemmeside-1.jpg\",\"datePublished\":\"2025-12-11T11:49:22+00:00\",\"breadcrumb\":{\"@id\":\"https:\\\/\\\/lmf.no\\\/skagerrak-forlag\\\/butikk\\\/maritim-litteratur\\\/peleponnes-gudenes-lekeplass\\\/#breadcrumb\"},\"inLanguage\":\"nb-NO\",\"potentialAction\":[{\"@type\":\"ReadAction\",\"target\":[\"https:\\\/\\\/lmf.no\\\/skagerrak-forlag\\\/butikk\\\/maritim-litteratur\\\/peleponnes-gudenes-lekeplass\\\/\"]}]},{\"@type\":\"ImageObject\",\"inLanguage\":\"nb-NO\",\"@id\":\"https:\\\/\\\/lmf.no\\\/skagerrak-forlag\\\/butikk\\\/maritim-litteratur\\\/peleponnes-gudenes-lekeplass\\\/#primaryimage\",\"url\":\"https:\\\/\\\/lmf.no\\\/skagerrak-forlag\\\/wp-content\\\/uploads\\\/2025\\\/12\\\/Peloponnes_omslag_hjemmeside-1.jpg\",\"contentUrl\":\"https:\\\/\\\/lmf.no\\\/skagerrak-forlag\\\/wp-content\\\/uploads\\\/2025\\\/12\\\/Peloponnes_omslag_hjemmeside-1.jpg\",\"width\":533,\"height\":740},{\"@type\":\"BreadcrumbList\",\"@id\":\"https:\\\/\\\/lmf.no\\\/skagerrak-forlag\\\/butikk\\\/maritim-litteratur\\\/peleponnes-gudenes-lekeplass\\\/#breadcrumb\",\"itemListElement\":[{\"@type\":\"ListItem\",\"position\":1,\"name\":\"Hjem\",\"item\":\"https:\\\/\\\/lmf.no\\\/skagerrak-forlag\\\/\"},{\"@type\":\"ListItem\",\"position\":2,\"name\":\"Butikk\",\"item\":\"https:\\\/\\\/lmf.no\\\/skagerrak-forlag\\\/butikk-2\\\/\"},{\"@type\":\"ListItem\",\"position\":3,\"name\":\"Peleponnes &#8211; gudenes lekeplass\"}]},{\"@type\":\"WebSite\",\"@id\":\"https:\\\/\\\/lmf.no\\\/skagerrak-forlag\\\/#website\",\"url\":\"https:\\\/\\\/lmf.no\\\/skagerrak-forlag\\\/\",\"name\":\"Skagerrak Forlag AS\",\"description\":\"Utgivelse av l\u00e6reb\u00f8ker\",\"publisher\":{\"@id\":\"https:\\\/\\\/lmf.no\\\/skagerrak-forlag\\\/#organization\"},\"alternateName\":\"L\u00e6remiddelforlaget - Skagerrak Forlag AS\",\"potentialAction\":[{\"@type\":\"SearchAction\",\"target\":{\"@type\":\"EntryPoint\",\"urlTemplate\":\"https:\\\/\\\/lmf.no\\\/skagerrak-forlag\\\/?s={search_term_string}\"},\"query-input\":{\"@type\":\"PropertyValueSpecification\",\"valueRequired\":true,\"valueName\":\"search_term_string\"}}],\"inLanguage\":\"nb-NO\"},{\"@type\":\"Organization\",\"@id\":\"https:\\\/\\\/lmf.no\\\/skagerrak-forlag\\\/#organization\",\"name\":\"Skagerrak Forlag AS\",\"alternateName\":\"L\u00e6remiddelforlaget - Skagerrak Forlag\",\"url\":\"https:\\\/\\\/lmf.no\\\/skagerrak-forlag\\\/\",\"logo\":{\"@type\":\"ImageObject\",\"inLanguage\":\"nb-NO\",\"@id\":\"https:\\\/\\\/lmf.no\\\/skagerrak-forlag\\\/#\\\/schema\\\/logo\\\/image\\\/\",\"url\":\"https:\\\/\\\/lmf.no\\\/skagerrak-forlag\\\/wp-content\\\/uploads\\\/2024\\\/04\\\/skagerrak-forlag.png\",\"contentUrl\":\"https:\\\/\\\/lmf.no\\\/skagerrak-forlag\\\/wp-content\\\/uploads\\\/2024\\\/04\\\/skagerrak-forlag.png\",\"width\":188,\"height\":47,\"caption\":\"Skagerrak Forlag AS\"},\"image\":{\"@id\":\"https:\\\/\\\/lmf.no\\\/skagerrak-forlag\\\/#\\\/schema\\\/logo\\\/image\\\/\"}}]}<\/script>\n<!-- \/ Yoast SEO plugin. -->","yoast_head_json":{"title":"[:no]Peleponnes - gudenes lekeplass[:] | L\u00e6remiddelforlaget - Skagerrak Forlag AS","robots":{"index":"index","follow":"follow","max-snippet":"max-snippet:-1","max-image-preview":"max-image-preview:large","max-video-preview":"max-video-preview:-1"},"canonical":"https:\/\/lmf.no\/skagerrak-forlag\/butikk\/maritim-litteratur\/peleponnes-gudenes-lekeplass\/","og_locale":"nb_NO","og_type":"article","og_title":"[:no]Peleponnes - gudenes lekeplass[:] | L\u00e6remiddelforlaget - Skagerrak Forlag AS","og_description":"Forfatter: Per Hotvedt ISBN: 9788299901987 Hellas har fascinert reisende gjennom alle tider, og en av de f\u00f8rste som beskrev landet var Pausanias (110-180 e.v.t). Han er [\u2026]","og_url":"https:\/\/lmf.no\/skagerrak-forlag\/butikk\/maritim-litteratur\/peleponnes-gudenes-lekeplass\/","og_site_name":"L\u00e6remiddelforlaget - Skagerrak Forlag AS","og_image":[{"width":533,"height":740,"url":"https:\/\/lmf.no\/skagerrak-forlag\/wp-content\/uploads\/2025\/12\/Peloponnes_omslag_hjemmeside-1.jpg","type":"image\/jpeg"}],"twitter_card":"summary_large_image","twitter_misc":{"Ansl. lesetid":"2 minutter"},"schema":{"@context":"https:\/\/schema.org","@graph":[{"@type":"WebPage","@id":"https:\/\/lmf.no\/skagerrak-forlag\/butikk\/maritim-litteratur\/peleponnes-gudenes-lekeplass\/","url":"https:\/\/lmf.no\/skagerrak-forlag\/butikk\/maritim-litteratur\/peleponnes-gudenes-lekeplass\/","name":"[:no]Peleponnes - gudenes lekeplass[:] | L\u00e6remiddelforlaget - Skagerrak Forlag AS","isPartOf":{"@id":"https:\/\/lmf.no\/skagerrak-forlag\/#website"},"primaryImageOfPage":{"@id":"https:\/\/lmf.no\/skagerrak-forlag\/butikk\/maritim-litteratur\/peleponnes-gudenes-lekeplass\/#primaryimage"},"image":{"@id":"https:\/\/lmf.no\/skagerrak-forlag\/butikk\/maritim-litteratur\/peleponnes-gudenes-lekeplass\/#primaryimage"},"thumbnailUrl":"https:\/\/lmf.no\/skagerrak-forlag\/wp-content\/uploads\/2025\/12\/Peloponnes_omslag_hjemmeside-1.jpg","datePublished":"2025-12-11T11:49:22+00:00","breadcrumb":{"@id":"https:\/\/lmf.no\/skagerrak-forlag\/butikk\/maritim-litteratur\/peleponnes-gudenes-lekeplass\/#breadcrumb"},"inLanguage":"nb-NO","potentialAction":[{"@type":"ReadAction","target":["https:\/\/lmf.no\/skagerrak-forlag\/butikk\/maritim-litteratur\/peleponnes-gudenes-lekeplass\/"]}]},{"@type":"ImageObject","inLanguage":"nb-NO","@id":"https:\/\/lmf.no\/skagerrak-forlag\/butikk\/maritim-litteratur\/peleponnes-gudenes-lekeplass\/#primaryimage","url":"https:\/\/lmf.no\/skagerrak-forlag\/wp-content\/uploads\/2025\/12\/Peloponnes_omslag_hjemmeside-1.jpg","contentUrl":"https:\/\/lmf.no\/skagerrak-forlag\/wp-content\/uploads\/2025\/12\/Peloponnes_omslag_hjemmeside-1.jpg","width":533,"height":740},{"@type":"BreadcrumbList","@id":"https:\/\/lmf.no\/skagerrak-forlag\/butikk\/maritim-litteratur\/peleponnes-gudenes-lekeplass\/#breadcrumb","itemListElement":[{"@type":"ListItem","position":1,"name":"Hjem","item":"https:\/\/lmf.no\/skagerrak-forlag\/"},{"@type":"ListItem","position":2,"name":"Butikk","item":"https:\/\/lmf.no\/skagerrak-forlag\/butikk-2\/"},{"@type":"ListItem","position":3,"name":"Peleponnes &#8211; gudenes lekeplass"}]},{"@type":"WebSite","@id":"https:\/\/lmf.no\/skagerrak-forlag\/#website","url":"https:\/\/lmf.no\/skagerrak-forlag\/","name":"Skagerrak Forlag AS","description":"Utgivelse av l\u00e6reb\u00f8ker","publisher":{"@id":"https:\/\/lmf.no\/skagerrak-forlag\/#organization"},"alternateName":"L\u00e6remiddelforlaget - Skagerrak Forlag AS","potentialAction":[{"@type":"SearchAction","target":{"@type":"EntryPoint","urlTemplate":"https:\/\/lmf.no\/skagerrak-forlag\/?s={search_term_string}"},"query-input":{"@type":"PropertyValueSpecification","valueRequired":true,"valueName":"search_term_string"}}],"inLanguage":"nb-NO"},{"@type":"Organization","@id":"https:\/\/lmf.no\/skagerrak-forlag\/#organization","name":"Skagerrak Forlag AS","alternateName":"L\u00e6remiddelforlaget - Skagerrak Forlag","url":"https:\/\/lmf.no\/skagerrak-forlag\/","logo":{"@type":"ImageObject","inLanguage":"nb-NO","@id":"https:\/\/lmf.no\/skagerrak-forlag\/#\/schema\/logo\/image\/","url":"https:\/\/lmf.no\/skagerrak-forlag\/wp-content\/uploads\/2024\/04\/skagerrak-forlag.png","contentUrl":"https:\/\/lmf.no\/skagerrak-forlag\/wp-content\/uploads\/2024\/04\/skagerrak-forlag.png","width":188,"height":47,"caption":"Skagerrak Forlag AS"},"image":{"@id":"https:\/\/lmf.no\/skagerrak-forlag\/#\/schema\/logo\/image\/"}}]}},"_links":{"self":[{"href":"https:\/\/lmf.no\/skagerrak-forlag\/wp-json\/wp\/v2\/product\/2050","targetHints":{"allow":["GET"]}}],"collection":[{"href":"https:\/\/lmf.no\/skagerrak-forlag\/wp-json\/wp\/v2\/product"}],"about":[{"href":"https:\/\/lmf.no\/skagerrak-forlag\/wp-json\/wp\/v2\/types\/product"}],"wp:featuredmedia":[{"embeddable":true,"href":"https:\/\/lmf.no\/skagerrak-forlag\/wp-json\/wp\/v2\/media\/2052"}],"wp:attachment":[{"href":"https:\/\/lmf.no\/skagerrak-forlag\/wp-json\/wp\/v2\/media?parent=2050"}],"wp:term":[{"taxonomy":"product_brand","embeddable":true,"href":"https:\/\/lmf.no\/skagerrak-forlag\/wp-json\/wp\/v2\/product_brand?post=2050"},{"taxonomy":"product_cat","embeddable":true,"href":"https:\/\/lmf.no\/skagerrak-forlag\/wp-json\/wp\/v2\/product_cat?post=2050"},{"taxonomy":"product_tag","embeddable":true,"href":"https:\/\/lmf.no\/skagerrak-forlag\/wp-json\/wp\/v2\/product_tag?post=2050"}],"curies":[{"name":"wp","href":"https:\/\/api.w.org\/{rel}","templated":true}]}}