{"id":236,"date":"2017-04-13T10:44:16","date_gmt":"2017-04-13T08:44:16","guid":{"rendered":"http:\/\/laeremiddelforlaget.utkast.org\/skagerrak-forlag\/?post_type=product&#038;p=236"},"modified":"2026-03-05T13:00:58","modified_gmt":"2026-03-05T12:00:58","slug":"havneguiden-1-svinesund-langesund-7-utg","status":"publish","type":"product","link":"https:\/\/lmf.no\/skagerrak-forlag\/butikk\/havneguidenharbour\/havneguiden-1-svinesund-langesund-7-utg\/","title":{"rendered":"Havneguiden 1, Svinesund &#8211; Langesund, 7. utgave"},"content":{"rendered":"<p>Forfattere: J\u00f8rn Engevik, Hans Jakob Valderhaug og Elin Kragset Vold<br \/>\nISBN: 9788279972457<\/p>\n<p>Havneguiden 1 beskriver natur- og gjestehavner der hver havn blir presentert med et eget Havneguidekart, flyfoto, beskrivende tekst og en faktaboks med n\u00f8kkelinformasjon.<\/p>\n<p>Teksten er delt i to: Den maritime delen beskriver havna, innseilingen og spesielle forhold du skal v\u00e6re oppmerksom p\u00e5. Du f\u00e5r ogs\u00e5 vite hva slags fort\u00f8yning som er aktuell, slik at du kan v\u00e6re forberedt ved ankomst. Den generelle teksten forteller om stedets s\u00e6rtrekk og historie og om hva dere kan se, gj\u00f8re og oppleve n\u00e5r dere kommer dit. Vi har ogs\u00e5 fors\u00f8kt \u00e5 peke p\u00e5 ting dere kan lure p\u00e5, og kanskje finne ut mer om selv. <\/p>\n<p>I denne utgaven er alle Havneguidekartene omarbeidet. Havnene er m\u00e5lt p\u00e5 nytt med et avansert multistr\u00e5le-ekkolodd. P\u00e5 grunnlag av de nye sj\u00f8m\u00e5lingene har vi framstilt nye Havneguidekart med langt flere dybde-detaljer samt mer presise dybdekurver. Resultatet er at vi n\u00e5 kan p\u00e5vise langt flere sikre fort\u00f8yningsplasser i naturhavnene. I de samme havnene har vi markert plasser som egner seg for alle b\u00e5ttyper (r\u00f8d strek) og plasser som kun egner seg for motorb\u00e5ter (bl\u00e5 strek). I naturhavner er longsideplasser markert med egen pil p\u00e5 land.<\/p>\n<p>Flybildene med markeringer gir deg rask oversikt over havnens omgivelser, fasiliteter, innseilingsleder, farer og fort\u00f8yningsmuligheter. P\u00e5 sidene med QR-kode, har du rask tilgang til en dronefilm over havna.<br \/>\nBakerst i boken ligger det en kupong som gir deg tilgang til Havneguide-appen. Ved hjelp av appen kan du enkelt oversette den originale norske teksten til ditt morsm\u00e5l.<\/p>\n<p>Sommeren 2026 dekker Havneguide-serien et omr\u00e5de som strekker seg fra \u00d6rnsk\u00f6ldsvik i Bottenvika til Kirkenes lengst nord\u00f8st i Norge. I Havneguide-serien finnes ogs\u00e5 guider som dekker Danmark, Tyskland, Polen, Slovenia, Kroatia, Montenegro, Albania og Hellas.<\/p>\n<p><a href=\"https:\/\/www.flipsnack.com\/skagerrak\/hg1-ft3ev3f51\">Bla i boka<\/a><\/p>\n<p><a href=\"https:\/\/www.harbourguide.com\/\">Havneguiden Online<\/a><\/p>","protected":false},"excerpt":{"rendered":"<p>Forfattere: J\u00f8rn Engevik, Hans Jakob Valderhaug og Elin Kragset Vold ISBN: 9788279972457 Havneguiden 1 beskriver natur- og gjestehavner der hver havn blir presentert med et eget<span class=\"excerpt-hellip\"> [\u2026]<\/span><\/p>\n","protected":false},"featured_media":2080,"template":"","meta":{"rs_blank_template":"","rs_page_bg_color":"","slide_template_v7":""},"product_brand":[],"product_cat":[27],"product_tag":[],"class_list":{"0":"post-236","1":"product","2":"type-product","3":"status-publish","4":"has-post-thumbnail","6":"product_cat-havneguidenharbour","8":"first","9":"instock","10":"taxable","11":"shipping-taxable","12":"purchasable","13":"product-type-simple"},"yoast_head":"<!-- This site is optimized with the Yoast SEO plugin v27.4 - https:\/\/yoast.com\/product\/yoast-seo-wordpress\/ -->\n<title>Havneguiden 1, Svinesund - Langesund, 7. utgave | L\u00e6remiddelforlaget - Skagerrak Forlag AS<\/title>\n<meta name=\"description\" content=\"Havneguiden 1 beskriver ca. 400 havner. I noen tilfeller omtales mer enn \u00e9n havn p\u00e5 samme oppslag.\" \/>\n<meta name=\"robots\" content=\"index, follow, max-snippet:-1, max-image-preview:large, max-video-preview:-1\" \/>\n<link rel=\"canonical\" href=\"https:\/\/lmf.no\/skagerrak-forlag\/butikk\/havneguidenharbour\/havneguiden-1-svinesund-langesund-7-utg\/\" \/>\n<meta property=\"og:locale\" content=\"nb_NO\" \/>\n<meta property=\"og:type\" content=\"article\" \/>\n<meta property=\"og:title\" content=\"[:no]Havneguiden 1, Svinesund - Langesund, 7. utgave[:en]Havneguiden 1, Svinesund - Langesund, 5. utg[:] | L\u00e6remiddelforlaget - Skagerrak Forlag AS\" \/>\n<meta property=\"og:description\" content=\"Havneguiden 1 beskriver ca. 400 havner. I noen tilfeller omtales mer enn \u00e9n havn p\u00e5 samme oppslag.\" \/>\n<meta property=\"og:url\" content=\"https:\/\/lmf.no\/skagerrak-forlag\/butikk\/havneguidenharbour\/havneguiden-1-svinesund-langesund-7-utg\/\" \/>\n<meta property=\"og:site_name\" content=\"L\u00e6remiddelforlaget - Skagerrak Forlag AS\" \/>\n<meta property=\"article:modified_time\" content=\"2026-03-05T12:00:58+00:00\" \/>\n<meta property=\"og:image\" content=\"https:\/\/lmf.no\/skagerrak-forlag\/wp-content\/uploads\/2017\/04\/HG1_forside-1-scaled.jpg\" \/>\n\t<meta property=\"og:image:width\" content=\"1810\" \/>\n\t<meta property=\"og:image:height\" content=\"2560\" \/>\n\t<meta property=\"og:image:type\" content=\"image\/jpeg\" \/>\n<meta name=\"twitter:card\" content=\"summary_large_image\" \/>\n<meta name=\"twitter:label1\" content=\"Ansl. lesetid\" \/>\n\t<meta name=\"twitter:data1\" content=\"3 minutter\" \/>\n<script type=\"application\/ld+json\" class=\"yoast-schema-graph\">{\"@context\":\"https:\\\/\\\/schema.org\",\"@graph\":[{\"@type\":\"WebPage\",\"@id\":\"https:\\\/\\\/lmf.no\\\/skagerrak-forlag\\\/butikk\\\/havneguidenharbour\\\/havneguiden-1-svinesund-langesund-7-utg\\\/\",\"url\":\"https:\\\/\\\/lmf.no\\\/skagerrak-forlag\\\/butikk\\\/havneguidenharbour\\\/havneguiden-1-svinesund-langesund-7-utg\\\/\",\"name\":\"[:no]Havneguiden 1, Svinesund - Langesund, 7. utgave[:en]Havneguiden 1, Svinesund - Langesund, 5. utg[:] | L\u00e6remiddelforlaget - Skagerrak Forlag AS\",\"isPartOf\":{\"@id\":\"https:\\\/\\\/lmf.no\\\/skagerrak-forlag\\\/#website\"},\"primaryImageOfPage\":{\"@id\":\"https:\\\/\\\/lmf.no\\\/skagerrak-forlag\\\/butikk\\\/havneguidenharbour\\\/havneguiden-1-svinesund-langesund-7-utg\\\/#primaryimage\"},\"image\":{\"@id\":\"https:\\\/\\\/lmf.no\\\/skagerrak-forlag\\\/butikk\\\/havneguidenharbour\\\/havneguiden-1-svinesund-langesund-7-utg\\\/#primaryimage\"},\"thumbnailUrl\":\"https:\\\/\\\/lmf.no\\\/skagerrak-forlag\\\/wp-content\\\/uploads\\\/2017\\\/04\\\/HG1_forside-1-scaled.jpg\",\"datePublished\":\"2017-04-13T08:44:16+00:00\",\"dateModified\":\"2026-03-05T12:00:58+00:00\",\"description\":\"Havneguiden 1 beskriver ca. 400 havner. I noen tilfeller omtales mer enn \u00e9n havn p\u00e5 samme oppslag.\",\"breadcrumb\":{\"@id\":\"https:\\\/\\\/lmf.no\\\/skagerrak-forlag\\\/butikk\\\/havneguidenharbour\\\/havneguiden-1-svinesund-langesund-7-utg\\\/#breadcrumb\"},\"inLanguage\":\"nb-NO\",\"potentialAction\":[{\"@type\":\"ReadAction\",\"target\":[\"https:\\\/\\\/lmf.no\\\/skagerrak-forlag\\\/butikk\\\/havneguidenharbour\\\/havneguiden-1-svinesund-langesund-7-utg\\\/\"]}]},{\"@type\":\"ImageObject\",\"inLanguage\":\"nb-NO\",\"@id\":\"https:\\\/\\\/lmf.no\\\/skagerrak-forlag\\\/butikk\\\/havneguidenharbour\\\/havneguiden-1-svinesund-langesund-7-utg\\\/#primaryimage\",\"url\":\"https:\\\/\\\/lmf.no\\\/skagerrak-forlag\\\/wp-content\\\/uploads\\\/2017\\\/04\\\/HG1_forside-1-scaled.jpg\",\"contentUrl\":\"https:\\\/\\\/lmf.no\\\/skagerrak-forlag\\\/wp-content\\\/uploads\\\/2017\\\/04\\\/HG1_forside-1-scaled.jpg\",\"width\":1810,\"height\":2560},{\"@type\":\"BreadcrumbList\",\"@id\":\"https:\\\/\\\/lmf.no\\\/skagerrak-forlag\\\/butikk\\\/havneguidenharbour\\\/havneguiden-1-svinesund-langesund-7-utg\\\/#breadcrumb\",\"itemListElement\":[{\"@type\":\"ListItem\",\"position\":1,\"name\":\"Hjem\",\"item\":\"https:\\\/\\\/lmf.no\\\/skagerrak-forlag\\\/\"},{\"@type\":\"ListItem\",\"position\":2,\"name\":\"Butikk\",\"item\":\"https:\\\/\\\/lmf.no\\\/skagerrak-forlag\\\/butikk-2\\\/\"},{\"@type\":\"ListItem\",\"position\":3,\"name\":\"Havneguiden 1, Svinesund &#8211; Langesund, 7. utgave\"}]},{\"@type\":\"WebSite\",\"@id\":\"https:\\\/\\\/lmf.no\\\/skagerrak-forlag\\\/#website\",\"url\":\"https:\\\/\\\/lmf.no\\\/skagerrak-forlag\\\/\",\"name\":\"Skagerrak Forlag AS\",\"description\":\"Utgivelse av l\u00e6reb\u00f8ker\",\"publisher\":{\"@id\":\"https:\\\/\\\/lmf.no\\\/skagerrak-forlag\\\/#organization\"},\"alternateName\":\"L\u00e6remiddelforlaget - Skagerrak Forlag AS\",\"potentialAction\":[{\"@type\":\"SearchAction\",\"target\":{\"@type\":\"EntryPoint\",\"urlTemplate\":\"https:\\\/\\\/lmf.no\\\/skagerrak-forlag\\\/?s={search_term_string}\"},\"query-input\":{\"@type\":\"PropertyValueSpecification\",\"valueRequired\":true,\"valueName\":\"search_term_string\"}}],\"inLanguage\":\"nb-NO\"},{\"@type\":\"Organization\",\"@id\":\"https:\\\/\\\/lmf.no\\\/skagerrak-forlag\\\/#organization\",\"name\":\"Skagerrak Forlag AS\",\"alternateName\":\"L\u00e6remiddelforlaget - Skagerrak Forlag\",\"url\":\"https:\\\/\\\/lmf.no\\\/skagerrak-forlag\\\/\",\"logo\":{\"@type\":\"ImageObject\",\"inLanguage\":\"nb-NO\",\"@id\":\"https:\\\/\\\/lmf.no\\\/skagerrak-forlag\\\/#\\\/schema\\\/logo\\\/image\\\/\",\"url\":\"https:\\\/\\\/lmf.no\\\/skagerrak-forlag\\\/wp-content\\\/uploads\\\/2024\\\/04\\\/skagerrak-forlag.png\",\"contentUrl\":\"https:\\\/\\\/lmf.no\\\/skagerrak-forlag\\\/wp-content\\\/uploads\\\/2024\\\/04\\\/skagerrak-forlag.png\",\"width\":188,\"height\":47,\"caption\":\"Skagerrak Forlag AS\"},\"image\":{\"@id\":\"https:\\\/\\\/lmf.no\\\/skagerrak-forlag\\\/#\\\/schema\\\/logo\\\/image\\\/\"}}]}<\/script>\n<!-- \/ Yoast SEO plugin. -->","yoast_head_json":{"title":"[:no]Havneguiden 1, Svinesund - Langesund, 7. utgave[:en]Havneguiden 1, Svinesund - Langesund, 5. utg[:] | L\u00e6remiddelforlaget - Skagerrak Forlag AS","description":"Havneguiden 1 beskriver ca. 400 havner. I noen tilfeller omtales mer enn \u00e9n havn p\u00e5 samme oppslag.","robots":{"index":"index","follow":"follow","max-snippet":"max-snippet:-1","max-image-preview":"max-image-preview:large","max-video-preview":"max-video-preview:-1"},"canonical":"https:\/\/lmf.no\/skagerrak-forlag\/butikk\/havneguidenharbour\/havneguiden-1-svinesund-langesund-7-utg\/","og_locale":"nb_NO","og_type":"article","og_title":"[:no]Havneguiden 1, Svinesund - Langesund, 7. utgave[:en]Havneguiden 1, Svinesund - Langesund, 5. utg[:] | L\u00e6remiddelforlaget - Skagerrak Forlag AS","og_description":"Havneguiden 1 beskriver ca. 400 havner. I noen tilfeller omtales mer enn \u00e9n havn p\u00e5 samme oppslag.","og_url":"https:\/\/lmf.no\/skagerrak-forlag\/butikk\/havneguidenharbour\/havneguiden-1-svinesund-langesund-7-utg\/","og_site_name":"L\u00e6remiddelforlaget - Skagerrak Forlag AS","article_modified_time":"2026-03-05T12:00:58+00:00","og_image":[{"width":1810,"height":2560,"url":"https:\/\/lmf.no\/skagerrak-forlag\/wp-content\/uploads\/2017\/04\/HG1_forside-1-scaled.jpg","type":"image\/jpeg"}],"twitter_card":"summary_large_image","twitter_misc":{"Ansl. lesetid":"3 minutter"},"schema":{"@context":"https:\/\/schema.org","@graph":[{"@type":"WebPage","@id":"https:\/\/lmf.no\/skagerrak-forlag\/butikk\/havneguidenharbour\/havneguiden-1-svinesund-langesund-7-utg\/","url":"https:\/\/lmf.no\/skagerrak-forlag\/butikk\/havneguidenharbour\/havneguiden-1-svinesund-langesund-7-utg\/","name":"[:no]Havneguiden 1, Svinesund - Langesund, 7. utgave[:en]Havneguiden 1, Svinesund - Langesund, 5. utg[:] | L\u00e6remiddelforlaget - Skagerrak Forlag AS","isPartOf":{"@id":"https:\/\/lmf.no\/skagerrak-forlag\/#website"},"primaryImageOfPage":{"@id":"https:\/\/lmf.no\/skagerrak-forlag\/butikk\/havneguidenharbour\/havneguiden-1-svinesund-langesund-7-utg\/#primaryimage"},"image":{"@id":"https:\/\/lmf.no\/skagerrak-forlag\/butikk\/havneguidenharbour\/havneguiden-1-svinesund-langesund-7-utg\/#primaryimage"},"thumbnailUrl":"https:\/\/lmf.no\/skagerrak-forlag\/wp-content\/uploads\/2017\/04\/HG1_forside-1-scaled.jpg","datePublished":"2017-04-13T08:44:16+00:00","dateModified":"2026-03-05T12:00:58+00:00","description":"Havneguiden 1 beskriver ca. 400 havner. I noen tilfeller omtales mer enn \u00e9n havn p\u00e5 samme oppslag.","breadcrumb":{"@id":"https:\/\/lmf.no\/skagerrak-forlag\/butikk\/havneguidenharbour\/havneguiden-1-svinesund-langesund-7-utg\/#breadcrumb"},"inLanguage":"nb-NO","potentialAction":[{"@type":"ReadAction","target":["https:\/\/lmf.no\/skagerrak-forlag\/butikk\/havneguidenharbour\/havneguiden-1-svinesund-langesund-7-utg\/"]}]},{"@type":"ImageObject","inLanguage":"nb-NO","@id":"https:\/\/lmf.no\/skagerrak-forlag\/butikk\/havneguidenharbour\/havneguiden-1-svinesund-langesund-7-utg\/#primaryimage","url":"https:\/\/lmf.no\/skagerrak-forlag\/wp-content\/uploads\/2017\/04\/HG1_forside-1-scaled.jpg","contentUrl":"https:\/\/lmf.no\/skagerrak-forlag\/wp-content\/uploads\/2017\/04\/HG1_forside-1-scaled.jpg","width":1810,"height":2560},{"@type":"BreadcrumbList","@id":"https:\/\/lmf.no\/skagerrak-forlag\/butikk\/havneguidenharbour\/havneguiden-1-svinesund-langesund-7-utg\/#breadcrumb","itemListElement":[{"@type":"ListItem","position":1,"name":"Hjem","item":"https:\/\/lmf.no\/skagerrak-forlag\/"},{"@type":"ListItem","position":2,"name":"Butikk","item":"https:\/\/lmf.no\/skagerrak-forlag\/butikk-2\/"},{"@type":"ListItem","position":3,"name":"Havneguiden 1, Svinesund &#8211; Langesund, 7. utgave"}]},{"@type":"WebSite","@id":"https:\/\/lmf.no\/skagerrak-forlag\/#website","url":"https:\/\/lmf.no\/skagerrak-forlag\/","name":"Skagerrak Forlag AS","description":"Utgivelse av l\u00e6reb\u00f8ker","publisher":{"@id":"https:\/\/lmf.no\/skagerrak-forlag\/#organization"},"alternateName":"L\u00e6remiddelforlaget - Skagerrak Forlag AS","potentialAction":[{"@type":"SearchAction","target":{"@type":"EntryPoint","urlTemplate":"https:\/\/lmf.no\/skagerrak-forlag\/?s={search_term_string}"},"query-input":{"@type":"PropertyValueSpecification","valueRequired":true,"valueName":"search_term_string"}}],"inLanguage":"nb-NO"},{"@type":"Organization","@id":"https:\/\/lmf.no\/skagerrak-forlag\/#organization","name":"Skagerrak Forlag AS","alternateName":"L\u00e6remiddelforlaget - Skagerrak Forlag","url":"https:\/\/lmf.no\/skagerrak-forlag\/","logo":{"@type":"ImageObject","inLanguage":"nb-NO","@id":"https:\/\/lmf.no\/skagerrak-forlag\/#\/schema\/logo\/image\/","url":"https:\/\/lmf.no\/skagerrak-forlag\/wp-content\/uploads\/2024\/04\/skagerrak-forlag.png","contentUrl":"https:\/\/lmf.no\/skagerrak-forlag\/wp-content\/uploads\/2024\/04\/skagerrak-forlag.png","width":188,"height":47,"caption":"Skagerrak Forlag AS"},"image":{"@id":"https:\/\/lmf.no\/skagerrak-forlag\/#\/schema\/logo\/image\/"}}]}},"_links":{"self":[{"href":"https:\/\/lmf.no\/skagerrak-forlag\/wp-json\/wp\/v2\/product\/236","targetHints":{"allow":["GET"]}}],"collection":[{"href":"https:\/\/lmf.no\/skagerrak-forlag\/wp-json\/wp\/v2\/product"}],"about":[{"href":"https:\/\/lmf.no\/skagerrak-forlag\/wp-json\/wp\/v2\/types\/product"}],"wp:featuredmedia":[{"embeddable":true,"href":"https:\/\/lmf.no\/skagerrak-forlag\/wp-json\/wp\/v2\/media\/2080"}],"wp:attachment":[{"href":"https:\/\/lmf.no\/skagerrak-forlag\/wp-json\/wp\/v2\/media?parent=236"}],"wp:term":[{"taxonomy":"product_brand","embeddable":true,"href":"https:\/\/lmf.no\/skagerrak-forlag\/wp-json\/wp\/v2\/product_brand?post=236"},{"taxonomy":"product_cat","embeddable":true,"href":"https:\/\/lmf.no\/skagerrak-forlag\/wp-json\/wp\/v2\/product_cat?post=236"},{"taxonomy":"product_tag","embeddable":true,"href":"https:\/\/lmf.no\/skagerrak-forlag\/wp-json\/wp\/v2\/product_tag?post=236"}],"curies":[{"name":"wp","href":"https:\/\/api.w.org\/{rel}","templated":true}]}}